 is the remainder when l is divided by i?
12
Suppose o = 4*o - 57. Suppose 3*v - o = 23. Suppose -5*z = -24 - 16. What is the remainder when v is divided by z?
6
Suppose 5*g = y + 30 - 6, -2*y = 5*g - 27. Calculate the remainder when (-8 - -4) + y + 10 is divided by 5.
2
Suppose -9 = -3*l + 87. What is the remainder when 158 is divided by l?
30
Suppose 5*b + 1 = 6, 2*b = 3*y - 115. What is the remainder when y is divided by 8?
7
Let z(r) = 4*r**3 - 2*r**2 - 7*r + 5. What is the remainder when 43 is divided by z(2)?
13
Let r(h) = -h**2 - 10*h - 16. What is the remainder when 38 is divided by r(-6)?
6
Let b(a) = -a**3 + a + 17. Let m(u) = -u + 6. Let d be m(6). Calculate the remainder when b(d) is divided by 9.
8
What is the remainder when 27 is divided by (48 - -3)/3 + -2?
12
Suppose -124 = -3*n - n. Let q = -18 + n. What is the remainder when 24 is divided by q?
11
Let c = -166 + 175. What is the remainder when 9 is divided by c?
0
Let f = 70 + -7. Calculate the remainder when f is divided by 16.
15
Suppose -4*z - 15 = z, -5*z = 2*u + 41. Let q = 18 + u. What is the remainder when q is divided by 4?
1
Let u = -24 - -35. What is the remainder when 30 is divided by u?
8
Let k = 31 + 10. Calculate the remainder when k is divided by 6.
5
Suppose 0 = -3*f + 45 - 18. Calculate the remainder when 43 is divided by f.
7
Let i be ((-6)/9)/(6/63). Let h = 9 + i. Calculate the remainder when 5 is divided by h.
1
Let h(o) = o**3 - 6*o**2 + 4*o + 7. What is the remainder when h(5) is divided by 6*((-20)/12 + 2)?
0
Suppose -54 = -7*j + 4*j. Calculate the remainder when 69 is divided by j.
15
Suppose -5*f + 17 = -38. What is the remainder when f is divided by 7?
4
Let q(w) = -4*w**2 + 5*w**2 - 2*w**2 - 17*w + 7 + 6. What is the remainder when q(-13) is divided by 22?
21
Let l(d) be the first derivative of d**4/4 - 8*d**3/3 - 4*d**2 - 4*d - 2. What is the remainder when l(9) is divided by 3?
2
Let j(c) = c**2 - c - 4. Let x(s) = -s**3 - 25*s**2 + 4*s + 109. Calculate the remainder when j(-4) is divided by x(-25).
7
Suppose -5*m - 2*o + 101 = 0, -4*m = -0*m + 4*o - 88. Let t = -76 + 112. Calculate the remainder when t is divided by m.
17
Let t = 13 + -7. What is the remainder when 11 is divided by t?
5
Suppose 4*c + 5 = 29. Suppose 18*o + 69 = 21*o. What is the remainder when o is divided by c?
5
Suppose -3*f + 8*f = 120. Suppose -f = 22*l - 25*l. What is the remainder when 21 is divided by l?
5
Let s(p) = -p + 1. Calculate the remainder when 15 is divided by s(-7).
7
Suppose -34 = 4*s + 2. Let r = -8 - s. Calculate the remainder when 1 is divided by r.
0
Suppose 4*l = l + 30. Suppose -r + l = -0*r. What is the remainder when r is divided by 6?
4
Calculate the remainder when 540/32 - 2/(-16) is divided by 5.
2
Let d be (1 - 6/9)*6. Suppose d*q + 5*i + 9 = 0, -7*q + 2*q - 4*i + 3 = 0. What is the remainder when 7 is divided by q?
1
Let s(i) = i**3 - 5*i**2 - 5*i - 1. Suppose 2*h + 4*c + 8 = 0, -4*h - 4*c - 7 = -3. What is the remainder when s(6) is divided by h?
1
Let o(r) be the third derivative of r**5/15 + r**4/24 + 5*r**2. Calculate the remainder when 26 is divided by o(-2).
12
Let k(i) = -2*i**3 - i + 2. Calculate the remainder when 58 is divided by k(-2).
18
Suppose 2*x = 3*t - 8, 2*t - 7*t + 15 = -5*x. Let a(q) = 3 + 20*q**2 - 2 + 9*q**2 + q. What is the remainder when a(x) is divided by 10?
9
Suppose a - 2*c - 266 = -77, a - 5*c - 201 = 0. What is the remainder when a is divided by 26?
25
Let s(q) = 20*q**2 + 2. Calculate the remainder when 86 is divided by s(-1).
20
Let c(z) = -1. Let j(m) be the third derivative of -m**4/24 + m**3/3 - 2*m**2. Let b(l) = -2*c(l) + j(l). Calculate the remainder when 1 is divided by b(3).
0
Suppose 0 = p + 2*l - 57, 5*p + 2*l - 6*l = 229. What is the remainder when p is divided by 6/(-9)*102/(-4)?
15
Suppose 0 = 4*t - 4*c + 108, -3*t = 2*t - 3*c + 139. Calculate the remainder when 25 is divided by t/(-3) + 6/(-9).
7
Suppose 12 = g + 2*z - 5*z, 4*g - 2*z = 18. Suppose -j = -5*j. Suppose 0 = -5*q - j + 45. Calculate the remainder when q is divided by g.
0
Suppose 2*n - n - 41 = 3*s, 2*n = 5*s + 78. What is the remainder when n is divided by 11?
7
Let l(p) = p**3 + p**2 + p + 4. Let t be l(3). Suppose -t + 8 = -5*b. What is the remainder when 13 is divided by b?
6
Suppose -4*u + 4*y + 84 = 0, 3*y = -u + 3*u - 44. What is the remainder when u is divided by 11?
8
Let j(z) = 5*z - 8. What is the remainder when j(4) is divided by 7?
5
Suppose -30 = -4*g + 14. Let v = -6 + g. Calculate the remainder when v is divided by 4.
1
Suppose 5*b - 52 = -5*q + b, -q - 3*b + 17 = 0. Let l = 30 + -7. What is the remainder when l is divided by q?
7
Let p(f) = f**3 + 9*f**2 + 7*f - 3. Let g = -26 + 18. Calculate the remainder when ((-8)/(-10))/(6/105) is divided by p(g).
4
Suppose 0 = -5*k - 18 - 7. Let z(v) be the third derivative of -v**4/6 - 7*v**3/6 + v**2. Calculate the remainder when 23 is divided by z(k).
10
Suppose 4*n - 35 = 21. Suppose -n = 2*m - 0*m. Let j(a) = -2*a + 3. Calculate the remainder when j(m) is divided by 9.
8
Let k be 1/((-8)/12 + 1). Suppose -2*r = k*y - 144, 3*r - 3*y = y + 233. What is the remainder when r is divided by 19?
18
Suppose 2*h = 2*r + 14, 4*h + 0*r + 4*r + 4 = 0. Suppose -h*a + 0*a = -39. Calculate the remainder when a is divided by 5.
3
Suppose 3*v + 6 + 0 = 0, -4*h + 66 = -3*v. Calculate the remainder when 43 is divided by h.
13
Suppose -3*g + 71 = -4*t - 51, -3*g + 87 = 3*t. What is the remainder when 133 is divided by g?
31
Suppose 9 = 4*d + 1. Suppose 0 = -t - d*p + 1, -p + 1 = -2*t - 2*p. What is the remainder when -3 - (1/t - 19) is divided by 9?
8
Suppose -i = 8 - 65. Let j = i + -25. What is the remainder when j is divided by 11?
10
Suppose 3*d - 27 = -3*g, -3*g = -4*d - 9 - 4. Let a = g - 2. Suppose -a*u + 26 = 2*h - 0*u, 26 = 2*h - 3*u. Calculate the remainder when h is divided by 8.
5
Let x(z) = 2*z**2 - z - 3. Let g(b) = -b + 1. Let p be g(5). Suppose -4 = -4*y + 32. What is the remainder when x(p) is divided by y?
6
Suppose 12*g - 18 = 9*g. Calculate the remainder when 23 is divided by g.
5
Suppose -3*q + 12 = 0, -5*k - q + 196 = -8. Suppose -5*h + 95 + k = 0. Calculate the remainder when h is divided by 248/18 - (-12)/54.
13
Suppose 8*w - 105 = 3*w. Calculate the remainder when w is divided by (2 - (-2)/8)/(9/24).
3
Let p(n) = -n**2 - 16*n + 2. What is the remainder when 89 is divided by p(-14)?
29
Suppose 3*n - 15 + 3 = 0. Let o(x) = -x**3 - 5*x**2 - 8*x - 6. Calculate the remainder when o(-5) is divided by n/10*(2 - -43).
16
Suppose -21 = 4*y - 89. Calculate the remainder when 49 is divided by y.
15
Let b = -16 - -12. Let q(j) = 8*j**2 - 4*j - 6. Calculate the remainder when q(b) is divided by 35.
33
Let i = -69 + 85. Calculate the remainder when (2/2 + 0)*62 is divided by i.
14
What is the remainder when 48 is divided by ((-4)/10)/((-1)/45)?
12
Let v(l) = l**3 - 3*l**2 + 3*l - 1. Let b be v(3). Suppose -b*y + 11*y = 24. Calculate the remainder when 22 is divided by y.
6
Suppose 4*o - 6*o + 268 = 0. What is the remainder when o is divided by 34?
32
Let h(i) be the second derivative of i**3/6 + i**2/2 + 2*i. Let w be h(-1). Suppose 5*n - n - 16 = w. What is the remainder when 6 is divided by n?
2
Suppose -5*q = 73 + 227. Let m be (q/(-10))/(-1 + 3). Suppose 38 = n + m*u, -u = n + 3*u - 38. What is the remainder when n is divided by 13?
12
Let z = -9 + 29. What is the remainder when 15*(-4 - z/(-3)) is divided by 1 + (14 - 1) + 0?
12
Let x = 6 + -4. Suppose -x*b - 3*b = 0. What is the remainder when 23 is divided by 10 + (-1 - (b + 1))?
7
Let x = -53 - -99. What is the remainder when x is divided by 12?
10
Let c = -25 + 56. What is the remainder when c is divided by 17?
14
Let b = -2 - -2. Suppose b = 4*t - 10 - 38. Calculate the remainder when 23 is divided by t.
11
Suppose 0 = -5*a + 71 + 4. Suppose -5*j + 40 = -0*j. Calculate the remainder when a is divided by j.
7
Let r = 119 + -56. Suppose 0 = -4*i + 43 + 125. Let v = -26 + i. What is the remainder when r is divided by v?
15
Let p(q) = 29*q + 7. Calculate the remainder when p(3) is divided by 24.
22
What is the remainder when 61 is divided by (-17)/((15 - 14)*(-2)/2)?
10
Let l(q) be the first derivative of q**3/3 - 3*q**2 - 12*q 